{"id":190,"date":"2018-08-06T17:21:08","date_gmt":"2018-08-06T15:21:08","guid":{"rendered":"http:\/\/hf-normandie.fr\/?page_id=190"},"modified":"2026-01-13T15:57:51","modified_gmt":"2026-01-13T14:57:51","slug":"nous-rejoindre","status":"publish","type":"page","link":"https:\/\/hf-normandie.fr\/index.php\/nous-rejoindre\/","title":{"rendered":"Adh\u00e9sion"},"content":{"rendered":"\n<p><strong>Rejoindre HF+ Normandie, c&rsquo;est s&rsquo;engager pour une culture plus juste, plus inclusive et plus \u00e9galitaire. Qu\u2019elle soit individuelle ou collective, l&rsquo;adh\u00e9sion renforce la capacit\u00e9 d\u2019action de l&rsquo;association et son poids dans le d\u00e9bat public.<\/strong><\/p>\n\n\n\n<p>L&rsquo;adh\u00e9sion permet de :<\/p>\n\n\n\n<ul class=\"wp-block-list\">\n<li>Soutenir concr\u00e8tement la <strong>lutte pour l\u2019\u00e9galit\u00e9 r\u00e9elle<\/strong> dans les arts et la culture ;<\/li>\n\n\n\n<li>Rejoindre un <strong>r\u00e9seau r\u00e9gional engag\u00e9<\/strong> de structures, de professionnel\u00b7les et de citoyen\u00b7nes ;<\/li>\n\n\n\n<li>Contribuer \u00e0 des <strong>actions structurantes<\/strong> : valorisation du matrimoine, observation des in\u00e9galit\u00e9s, lutte contre les VSS&#8230; ;<\/li>\n\n\n\n<li>Participer \u00e0 la <strong>transformation durable<\/strong> des pratiques et des politiques culturelles.<br><\/li>\n<\/ul>\n\n\n\n<p><mark style=\"background-color:rgba(0, 0, 0, 0)\" class=\"has-inline-color has-vivid-red-color\"><strong>Adh\u00e9sion du 1er janvier au 31 d\u00e9cembre 2026<\/strong> :<\/mark><\/p>\n\n\n\n<ul class=\"wp-block-list\">\n<li><strong><mark style=\"background-color:rgba(0, 0, 0, 0)\" class=\"has-inline-color has-vivid-red-color\">Structures (personnes morales)<\/mark><\/strong>\n<ul class=\"wp-block-list\">\n<li>Moins de 5 salari\u00e9\u00b7es : <strong>50 \u20ac<\/strong><\/li>\n\n\n\n<li>De 5 \u00e0 20 salari\u00e9\u00b7es : <strong>150 \u20ac <\/strong><\/li>\n\n\n\n<li>\u00c0 partir de 20 salari\u00e9\u00b7es : <strong>250 \u20ac <\/strong><br><br><em>Cette progressivit\u00e9 permet de pr\u00e9server l\u2019accessibilit\u00e9 pour les petites structures tout en sollicitant une contribution plus juste aux structures disposant de moyens humains et financiers plus importants.<\/em><br><br><\/li>\n<\/ul>\n<\/li>\n\n\n\n<li><mark style=\"background-color:rgba(0, 0, 0, 0)\" class=\"has-inline-color has-vivid-red-color\"><strong>Collectivit\u00e9s<\/strong><br><\/mark><strong>500 \u20ac <\/strong><br><em>L\u2019adh\u00e9sion des collectivit\u00e9s, en tant que personnes morales bienfaitrices, constitue un soutien structurant et un engagement fort en faveur des politiques d\u2019\u00e9galit\u00e9 dans le champ culturel \u00e0 l\u2019\u00e9chelle territoriale.<\/em><br><br><\/li>\n\n\n\n<li><strong><mark style=\"background-color:rgba(0, 0, 0, 0)\" class=\"has-inline-color has-vivid-red-color\">Personnes individuelles<\/mark><\/strong><br><strong>Tarif libre \u00e0 partir de 2 \u20ac<\/strong><br><em>Ce choix garantit que l\u2019engagement reste ouvert \u00e0 toutes et tous.<\/em><br><br><strong><a href=\"https:\/\/www.helloasso.com\/associations\/hf-normandie\/adhesions\/adhesion-a-l-association-hf-normandie-2026?fbclid=IwY2xjawPTCkRleHRuA2FlbQIxMABicmlkETBWdFdFWHVjTGNIN2xaQXBUc3J0YwZhcHBfaWQQMjIyMDM5MTc4ODIwMDg5MgABHma8SN2O2tsK5W6XOmOiqtxJPKPU0jqqGXqxEr-naNkvbvKCyBeRX9eSgTvG_aem_LcaRDXT-ZRc_bkYLyGJxXA\" target=\"_blank\" rel=\"noreferrer noopener\">L\u2019adh\u00e9sion s\u2019effectue en ligne<\/a>&nbsp;(ci-dessous) ou sur facture sur simple demande<\/strong>&nbsp;par t\u00e9l\u00e9phone : 06 09 87 06 91 ou par mail : hfnormandie@gmail.com.<\/li>\n<\/ul>\n\n\n\n<iframe id=\"haWidget\" allowtransparency=\"true\" scrolling=\"auto\" src=\"https:\/\/www.helloasso.com\/associations\/hf-normandie\/adhesions\/adhesion-a-l-association-hf-normandie-2026\/widget\" style=\"width: 100%; height: 750px; border: none;\"><\/iframe>\n\n\n\n<p><\/p>\n","protected":false},"excerpt":{"rendered":"<p>Rejoindre HF+ Normandie, c&rsquo;est s&rsquo;engager pour une culture plus juste, plus inclusive et plus \u00e9galitaire. Qu\u2019elle soit individuelle ou collective, l&rsquo;adh\u00e9sion renforce la capacit\u00e9 d\u2019action de l&rsquo;association et son poids dans le d\u00e9bat public. L&rsquo;adh\u00e9sion permet de : Adh\u00e9sion du 1er janvier au 31 d\u00e9cembre 2026 :<\/p>\n","protected":false},"author":2,"featured_media":0,"parent":0,"menu_order":0,"comment_status":"closed","ping_status":"closed","template":"","meta":{"footnotes":""},"class_list":["post-190","page","type-page","status-publish","hentry"],"_links":{"self":[{"href":"https:\/\/hf-normandie.fr\/index.php\/wp-json\/wp\/v2\/pages\/190","targetHints":{"allow":["GET"]}}],"collection":[{"href":"https:\/\/hf-normandie.fr\/index.php\/wp-json\/wp\/v2\/pages"}],"about":[{"href":"https:\/\/hf-normandie.fr\/index.php\/wp-json\/wp\/v2\/types\/page"}],"author":[{"embeddable":true,"href":"https:\/\/hf-normandie.fr\/index.php\/wp-json\/wp\/v2\/users\/2"}],"replies":[{"embeddable":true,"href":"https:\/\/hf-normandie.fr\/index.php\/wp-json\/wp\/v2\/comments?post=190"}],"version-history":[{"count":55,"href":"https:\/\/hf-normandie.fr\/index.php\/wp-json\/wp\/v2\/pages\/190\/revisions"}],"predecessor-version":[{"id":6259,"href":"https:\/\/hf-normandie.fr\/index.php\/wp-json\/wp\/v2\/pages\/190\/revisions\/6259"}],"wp:attachment":[{"href":"https:\/\/hf-normandie.fr\/index.php\/wp-json\/wp\/v2\/media?parent=190"}],"curies":[{"name":"wp","href":"https:\/\/api.w.org\/{rel}","templated":true}]}}