{"id":2509,"date":"2023-01-20T12:22:35","date_gmt":"2023-01-20T11:22:35","guid":{"rendered":"https:\/\/hf-normandie.fr\/?page_id=2509"},"modified":"2025-10-08T12:29:36","modified_gmt":"2025-10-08T10:29:36","slug":"ressources-lutter-contre-les-violences-sexistes-et-sexuelles","status":"publish","type":"page","link":"https:\/\/hf-normandie.fr\/index.php\/ressources-lutter-contre-les-violences-sexistes-et-sexuelles\/","title":{"rendered":"Lutter contre les violences sexistes et sexuelles"},"content":{"rendered":"\n<h2 class=\"wp-block-heading has-large-font-size\">Ressources et outils indispensables : <\/h2>\n\n\n\n<p><a href=\"https:\/\/fondationdesfemmes.org\/actualites\/victime-de-violences-sexuelles-que-faire\/\"><strong>Page du site de la Fondation des Femmes<\/strong><\/a> comprenant tous les num\u00e9ros utiles pour les victimes de violences sexistes et sexuelles<\/p>\n\n\n\n<p><a href=\"https:\/\/seinemaritime.cidff.info\/\"><strong>Le CIDFF de Rouen<\/strong><\/a> propose des permanences d\u2019information ainsi que l&rsquo;orientation et l&rsquo;accompagnement notamment juridique des femmes victimes de violences<\/p>\n\n\n\n<p><a href=\"https:\/\/www.violences-sexuelles-culture.org\/fr\/ressources\"><strong>#LaCultureDitStop<\/strong><\/a> : site destin\u00e9 \u00e0 l&rsquo;orientation des victimes ou t\u00e9moins de violences sexistes et sexuelles dans le secteur de la culture, destin\u00e9 aux employeur\u00b7euses et aux professionnel\u00b7les<\/p>\n\n\n\n<p><strong><a href=\"https:\/\/quasisamediproduct.wixsite.com\/prod\/podcasts\">Le petit chat est mort<\/a><\/strong> est un podcast port\u00e9 par QuasiSamedi Production qui s&rsquo;int\u00e9resse \u00e0 certaines manifestations du sexisme dans l&rsquo;enseignement du th\u00e9\u00e2tre aujourd&rsquo;hui en France et aux diff\u00e9rents moyens de parvenir \u00e0 les enrayer. <strong>TW t\u00e9moignage de VHSS dans le premier \u00e9pisode. <\/strong><\/p>\n\n\n\n<p><a href=\"https:\/\/onsaitcommentcasetermine.fr\/\"><strong>On sait comment \u00e7a se termine<\/strong><\/a>, un site exp\u00e9rientiel mis en ligne par le HCE qui propose une fiction sonore originale en 5 s\u00e9quences pour illustrer le continuum des violences, du sexisme ordinaire au f\u00e9minicide. Cette fiction doit permettre \u00e0 chacun\u00b7e de mieux comprendre le sexisme, le rep\u00e9rer et le d\u00e9noncer.<\/p>\n\n\n\n<p><a href=\"https:\/\/www.plan-international.fr\/app\/uploads\/2024\/01\/DP-Violences-de-genre-a-lecole-Plan-International-France-1.pdf\"><strong>Barom\u00e8tre : Les violences de genre \u00e0 l&rsquo;\u00e9cole<\/strong><\/a>, publi\u00e9 par l\u2019ONG Plan International visant \u00e0 objectiver les violences sexistes et sexuelles \u00e0 l&rsquo;\u00e9cole en France. <\/p>\n\n\n\n<p><a href=\"https:\/\/cnm.fr\/wp-content\/uploads\/2022\/01\/Fiches-pratiques-prevention-des-VSS-dans-les-metiers-de-la-musique.pdf\"><strong>Fiche pratique de pr\u00e9vention des VHSS<\/strong><\/a> du CNM<\/p>\n\n\n\n<p><a href=\"https:\/\/www.calameo.com\/cgt_spectacle\/read\/004319747083db39c8048?page=1)\"><strong>Kit de pr\u00e9vention des VHSS<\/strong><\/a> de la CGT Spectacle<\/p>\n\n\n\n<p><a rel=\"noreferrer noopener\" href=\"https:\/\/www.cnc.fr\/professionnels\/actualites\/le-cnc-lance-la-formation-prevenir-et-agir-contre-les-violences-sexistes-et-sexuelles_1335346\" target=\"_blank\"><strong>Conditionnalit\u00e9 des aides du CNC \u2013 Violences sexistes et sexuelles | CNC<\/strong><\/a><\/p>\n\n\n\n<p><mark><a href=\"https:\/\/fesac.fr\/actualites\/violences-sexistes-ou-sexuelles-cellule-ecoute-salarie-e-s-du-spectacle-nouvelles-modalites-desaisine\/\">Violences sexistes ou sexuelles \/ Cellule \u00e9coute salari\u00e9-e-s du spectacle<\/a><\/mark><a href=\"https:\/\/fesac.fr\/actualites\/violences-sexistes-ou-sexuelles-cellule-ecoute-salarie-e-s-du-spectacle-nouvelles-modalites-desaisine\/\"><mark> <\/mark><\/a>\u2013 cellule d\u2019\u00e9coute FESAC (F\u00e9d\u00e9ration des entreprises du spectacle vivant, de la musique, de l\u2019audiovisuel et du cin\u00e9ma)<\/p>\n\n\n\n<p><a href=\"https:\/\/fdfa.fr\/ecoute-violences\/\"><strong>Femmes pour le dire, femmes pour agir (FDFA)<\/strong><\/a> dispose d&rsquo;une cellule d&rsquo;\u00e9coute sp\u00e9cialis\u00e9e pour l&rsquo;orientation et l&rsquo;accompagnement social, juridique, psychologique et administratif des femmes handicap\u00e9es victimes de violences ou de maltraitances<\/p>\n\n\n\n<p><strong><em><a href=\"https:\/\/www.leslibraires.fr\/livre\/18431783-en-finir-avec-les-violences-sexistes-et-sexuell--caroline-de-haas-robert-laffont\">En finir avec les violences sexistes et sexuelles &#8211; Manuel d&rsquo;action<\/a><\/em><\/strong>, petit manuel r\u00e9dig\u00e9 par Caroline de Haas pour que chacun.e puisse agir contre les violences sexistes et sexuelles, publi\u00e9 en mars 2021 aux \u00e9ditions Robert Laffont<\/p>\n\n\n\n<p><a href=\"https:\/\/lesintervalles.fr\/2025\/03\/07\/guide-de-prevention-et-gestion-des-violences-morales-sexistes-et-sexuelles\/\" data-type=\"link\" data-id=\"https:\/\/lesintervalles.fr\/2025\/03\/07\/guide-de-prevention-et-gestion-des-violences-morales-sexistes-et-sexuelles\/\"><strong>Guide de pr\u00e9vention et gestion des violences morales, sexistes et&nbsp;sexuelles<\/strong><\/a>, guide r\u00e9alis\u00e9 par l&rsquo;association Les Intervalles pour faire de la pr\u00e9vention sur les VSS dans le domaine du cin\u00e9ma d&rsquo;animation<\/p>\n\n\n\n<p>Afdas, op\u00e9rateur de comp\u00e9tences de divers secteurs dont ceux de la culture et des industries cr\u00e9atives propose en partenariat avec Olecio, un <a href=\"https:\/\/olecio.fr\/afdas_vhss\"><strong>centre de ressources multim\u00e9dias pour prendre conscience, pr\u00e9venir et agir contre les Violences et harc\u00e8lements sexistes et sexuels en situation professionnelle<\/strong><\/a><br><a href=\"https:\/\/www.afdas.com\/entreprise\/impulser-une-demarche-responsable-dans-votre-entreprise\/agir-en-faveur-de-la-lutte-contre-les-violences-et-harcelements-sexistes-et-sexuels-vhss.html\"><strong>Afdas propose \u00e9galement des formations<\/strong><\/a> pour lutter contre les VSS en milieu professionnel<\/p>\n\n\n\n<p>Le Syndicat national des sc\u00e8nes publiques propose <strong><a href=\"https:\/\/www.snsp.fr\/boite-a-outils-vhss\/\">de nombreuses ressources et outils \u00e0 destination des professionnel\u00b7es, des victimes de VHSS et des t\u00e9moins<\/a><\/strong><\/p>\n\n\n\n<p><a href=\"https:\/\/www.chu-rouen.fr\/service\/centre-daccueil-specialise-pour-les-agressions\/\"><strong>Le CASA (Centre d\u2019Accueil Sp\u00e9cialis\u00e9 pour les Agressions)<\/strong><\/a> simplifie le parcours m\u00e9dico-judiciaire des victimes afin de faciliter la prise en charge m\u00e9dico-l\u00e9gale et le d\u00e9p\u00f4t de plainte aupr\u00e8s de la Justice. Le CASA a \u00e9galement un r\u00f4le d\u2019\u00e9coute et de conseil et s\u2019adresse \u00e0 toute personne, qu\u2019elle soit majeure ou mineure.<\/p>\n\n\n\n<p>Le collectif f\u00e9ministe contre le viol propose \u00e0 la fois de nombreuses <strong><a href=\"https:\/\/cfcv.asso.fr\/professionnel-les-et-militantes\/ressources\/\">ressources<\/a><\/strong> (dont <strong><a href=\"https:\/\/cfcv.asso.fr\/wp-content\/uploads\/2022\/11\/livret-CFCV-web-2022-def2-OK.pdf\">un livret juridique pour permettre de faire valoir ses droits en cas d&rsquo;agression ou de viol<\/a><\/strong>) mais \u00e9galement <strong><a href=\"https:\/\/cfcv.asso.fr\/wp-content\/uploads\/2023\/10\/Catalogue-Formations-2023.pdf\">un catalogue de formation destin\u00e9s aux professionnel\u00b7es<\/a><\/strong><\/p>\n\n\n\n<p>La <strong><a href=\"https:\/\/www.ch-havre.fr\/notre-offre-de-soins\/service\/la-maison-des-femmes\/\" data-type=\"link\" data-id=\"https:\/\/www.ch-havre.fr\/notre-offre-de-soins\/service\/la-maison-des-femmes\/\">Maison des femmes<\/a><\/strong> est un lieu d\u2019accueil et de consultation pluridisciplinaire d\u00e9di\u00e9 aux femmes victimes de violences pass\u00e9es ou actuelles ainsi qu\u2019aux femmes enceintes en situation de vuln\u00e9rabilit\u00e9. \u00c0 destination de toute femme victime de violences, sans crit\u00e8re d\u2019\u00e2ge ni de ressources ou droits sociaux.<br>Contact : sec.usfv@ch-havre.fr<\/p>\n\n\n\n<p>La <strong><a href=\"https:\/\/solidaritefemmes.org\/\">FNSF<\/a><\/strong> (F\u00e9d\u00e9ration nationale Solidarit\u00e9 Femmes) vise \u00e0 agir avec les femmes pour leurs droits \u00e0 la libert\u00e9, l\u2019\u00e9galit\u00e9 et l\u2019int\u00e9grit\u00e9. Elle m\u00e8ne une action pour les accompagner vers la sortie des violences et l\u2019autonomie et \u00e0 faire reconna\u00eetre les violences faites aux femmes comme une des manifestations des in\u00e9galit\u00e9s persistantes entre les femmes et les hommes. Elle g\u00e8re, depuis sa cr\u00e9ation, <em>Violences Femmes Info<\/em>, plateforme d&rsquo;\u00e9coute, d&rsquo;information et d&rsquo;orientation des femmes victimes de violences sexistes et sexuelles, de leur entourage des professionnels. Gratuit et anonyme.<\/p>\n\n\n\n<p>La <strong><a href=\"https:\/\/fncidff.info\/\">F\u00e9d\u00e9ration nationale des CIDFF<\/a><\/strong> vise \u00e0 l\u2019autonomie des femmes et des familles et \u00e0 agir en mati\u00e8re d\u2019acc\u00e8s aux droits pour les femmes, de lutte contre les discriminations sexistes et de promotion de l\u2019\u00e9galit\u00e9 entre les femmes et les hommes. Elle assure la coordination de 105 CIDFF et de 13 f\u00e9d\u00e9rations r\u00e9gionales pr\u00e9sents sur le territoire.<\/p>\n\n\n\n<p>Le <strong><a href=\"https:\/\/cfcv.asso.fr\/\">CFCV<\/a><\/strong> (Collectif f\u00e9ministe contre le viol) vise \u00e0 aider et soutenir toutes les personnes victimes de violences et d\u2019agressions sexuelles, sous toutes ses formes. Il g\u00e8re une permanence t\u00e9l\u00e9phonique \u00e0 destination des victimes de viols et d\u2019agressions sexuelles : Le<strong> 0 800 05 95 95 <\/strong>\u00ab VIOLS\u2013FEMMES\u2013INFORMATIONS \u00bb. Num\u00e9ro vert, gratuit depuis un poste fixe en France et dans les DOM et TOM, ce num\u00e9ro est accessible du lundi au vendredi, de 10 h \u00e0 19h (heures Paris).<\/p>\n\n\n\n<p>Le<a href=\"https:\/\/www.planning-familial.org\/fr\"> <strong>MFPF<\/strong><\/a> (<strong>Mouvement fran\u00e7ais pour le planning familial<\/strong>), t\u00eate d\u2019un r\u00e9seau compos\u00e9 de 76 associations d\u00e9partementales et de 13\u2009 f\u00e9d\u00e9rations r\u00e9gionales, milite pour le droit \u00e0 l&rsquo;\u00e9ducation \u00e0 la sexualit\u00e9, \u00e0 la contraception, \u00e0 l&rsquo;avortement, \u00e0 l&rsquo;\u00e9galit\u00e9 entre les femmes et les hommes et combat toutes formes de violences et de discrimination. Il dispose d\u2019un num\u00e9ro vert national le <strong>0800 08 11 11<\/strong> \u00ab Sexualit\u00e9s, Contraception, IVG \u00bb, qui assure une \u00e9coute, une information et une orientation sur ce champ. Anonyme et gratuit, ce num\u00e9ro est accessible du lundi au samedi de 9h \u00e0 20h en m\u00e9tropole et du lundi au vendredi de 9h \u00e0 17h aux Antilles.<\/p>\n\n\n\n<p><strong><a href=\"https:\/\/femmes-solidaires.org\/\" data-type=\"link\" data-id=\"https:\/\/femmes-solidaires.org\/\">Femmes solidaires<\/a><\/strong> est \u00e0 la t\u00eate d\u2019un r\u00e9seau de plus de 190 associations locales r\u00e9parties en m\u00e9tropole et dans les DOM-TOM. Femmes solidaires est un mouvement f\u00e9ministe d\u2019\u00e9ducation populaire qui d\u00e9fend les valeurs fondamentales de la\u00efcit\u00e9, de mixit\u00e9, d\u2019\u00e9galit\u00e9 pour les droits des femmes. Elle informe, sensibilise sur les droits des femmes afin de contribuer \u00e0 l\u2019\u00e9volution des mentalit\u00e9s vers une soci\u00e9t\u00e9 lib\u00e9r\u00e9e des rapports de domination et travaille sur toutes les formes de violences.<\/p>\n\n\n\n<p><strong><a href=\"https:\/\/www.avft.org\/\" data-type=\"link\" data-id=\"https:\/\/www.avft.org\/\">L\u2019AVFT <\/a><\/strong>(Association europ\u00e9enne contre les Violences faites aux Femmes au Travail) agit pour lutter contre toutes les formes de violences contre les femmes, tout en \u00e9tant sp\u00e9cialis\u00e9e dans la d\u00e9nonciation des discriminations sexistes et des violences sexistes et sexuelles au travail.<\/p>\n\n\n\n<p><strong><a href=\"https:\/\/enavanttoutes.fr\/\">En Avant toutes<\/a><\/strong> est une association agissant principalement aupr\u00e8s des jeunes pour sensibiliser et changer les comportements sexistes. Elle g\u00e8re un tchat ouvert selon les horaires suivants : les lundi et mardi de 15h-17h, le mercredi de 14h-18h, les jeudi et vendredi de 15h-21h.<\/p>\n\n\n\n<p>Le <strong><a href=\"https:\/\/clasches.fr\/\" data-type=\"link\" data-id=\"https:\/\/clasches.fr\/\">CLASCHES<\/a><\/strong> (Collectif de lutte antisexiste contre le harc\u00e8lement sexuel dans l\u2019enseignement sup\u00e9rieur) est une association f\u00e9ministe d\u2019\u00e9tudiants mobilis\u00e9s contre le harc\u00e8lement sexuel dans l\u2019enseignement sup\u00e9rieur. Son action concerne sp\u00e9cifiquement les \u00e9tudiants et doctorants, particuli\u00e8rement expos\u00e9s au sein de l\u2019institution, et pour lesquels les recours sont les plus difficiles et in\u00e9galitaires. Il communique sur le harc\u00e8lement sexuel, apporte une premi\u00e8re information aux victimes et les oriente vers les structures adapt\u00e9es pour les accompagner.<\/p>\n\n\n\n<p><strong><a href=\"https:\/\/www.france-victimes.fr\/\">France victimes<\/a><\/strong> est une f\u00e9d\u00e9ration regroupant 130 associations d\u2019aide aux victimes. France victimes promeut et d\u00e9veloppe l&rsquo;aide et l&rsquo;assistance aux victimes (de toute infraction p\u00e9nale, de terrorisme, d\u2019accidents collectifs, \u2026) et toute autre mesure contribuant \u00e0 am\u00e9liorer la reconnaissance des victimes. Elle g\u00e8re le <strong>116006<\/strong>, num\u00e9ro d\u2019aide aux victimes, accessible 7 jours sur 7 de 9h \u00e0 19h.<\/p>\n\n\n\n<h2 class=\"wp-block-heading has-medium-font-size\">Se former : <\/h2>\n\n\n\n<p><a href=\"https:\/\/www.noustoutes.org\/inscription-formations\/\"><strong>#NousToutes propose des formations enti\u00e8rement en ligne<\/strong><\/a> (via Zoom) pour lutter contre les VSS et la culture du viol, de nouvelles dates sont mises en ligne r\u00e9guli\u00e8rement et les formations sont \u00e9galement disponibles <a href=\"https:\/\/www.noustoutes.org\/formations-lives\/\"><strong>en replay<\/strong><\/a> sur leur page facebook<\/p>\n\n\n\n<p><strong><a href=\"https:\/\/www.avft.org\/seformer\/\">L&rsquo;AVFT<\/a><\/strong> (Association europ\u00e9enne contre les violences faites aux femmes au travail) propose des formations de plusieurs jours pour lutter contre les VSS au travail<\/p>\n\n\n\n<p><strong><a href=\"https:\/\/cfcv.asso.fr\/professionnel-les-et-militantes\/se-former\/\">Le CFCV <\/a><\/strong>(Collectif f\u00e9ministe contre le viol) propose des formations \u00e0 destinations des professionnel.le.s ou des b\u00e9n\u00e9voles pour lutter contre les VSS et accompagner les victimes<\/p>\n\n\n\n<p><a href=\"https:\/\/groupe-egae.fr\/\"><strong>Le Groupe Egae<\/strong><\/a> propose divers types de formations sur l&rsquo;\u00e9galit\u00e9 femmes-hommes, la pr\u00e9vention des discriminations et des VSS<\/p>\n\n\n\n<p>La Fondation des Femmes propose un programme intitul\u00e9 <a href=\"https:\/\/fondationdesfemmes.org\/sengager\/se-former-contre-le-harcelement\/\"><strong>StandUp<\/strong> <\/a>qui vise \u00e0 permettre \u00e0 tous de se former pour agir contre le harc\u00e8lement sexuel dans les lieux publics<\/p>\n","protected":false},"excerpt":{"rendered":"<p>Ressources et outils indispensables : Page du site de la Fondation des Femmes comprenant tous les num\u00e9ros utiles pour les victimes de violences sexistes et sexuelles Le CIDFF de Rouen propose des permanences d\u2019information ainsi que l&rsquo;orientation et l&rsquo;accompagnement notamment juridique des femmes victimes de violences #LaCultureDitStop : site destin\u00e9 \u00e0 l&rsquo;orientation des victimes ou [&hellip;]<\/p>\n","protected":false},"author":11,"featured_media":0,"parent":0,"menu_order":0,"comment_status":"closed","ping_status":"closed","template":"","meta":{"footnotes":""},"class_list":["post-2509","page","type-page","status-publish","hentry"],"_links":{"self":[{"href":"https:\/\/hf-normandie.fr\/index.php\/wp-json\/wp\/v2\/pages\/2509","targetHints":{"allow":["GET"]}}],"collection":[{"href":"https:\/\/hf-normandie.fr\/index.php\/wp-json\/wp\/v2\/pages"}],"about":[{"href":"https:\/\/hf-normandie.fr\/index.php\/wp-json\/wp\/v2\/types\/page"}],"author":[{"embeddable":true,"href":"https:\/\/hf-normandie.fr\/index.php\/wp-json\/wp\/v2\/users\/11"}],"replies":[{"embeddable":true,"href":"https:\/\/hf-normandie.fr\/index.php\/wp-json\/wp\/v2\/comments?post=2509"}],"version-history":[{"count":14,"href":"https:\/\/hf-normandie.fr\/index.php\/wp-json\/wp\/v2\/pages\/2509\/revisions"}],"predecessor-version":[{"id":6094,"href":"https:\/\/hf-normandie.fr\/index.php\/wp-json\/wp\/v2\/pages\/2509\/revisions\/6094"}],"wp:attachment":[{"href":"https:\/\/hf-normandie.fr\/index.php\/wp-json\/wp\/v2\/media?parent=2509"}],"curies":[{"name":"wp","href":"https:\/\/api.w.org\/{rel}","templated":true}]}}