{"id":2521,"date":"2023-01-20T12:22:34","date_gmt":"2023-01-20T11:22:34","guid":{"rendered":"https:\/\/hf-normandie.fr\/?page_id=2521"},"modified":"2026-04-10T09:51:30","modified_gmt":"2026-04-10T07:51:30","slug":"femmes-et-cinema","status":"publish","type":"page","link":"https:\/\/hf-normandie.fr\/index.php\/femmes-et-cinema\/","title":{"rendered":"Cin\u00e9ma"},"content":{"rendered":"\n<p><a href=\"https:\/\/collectif5050.com\" target=\"_blank\" rel=\"noreferrer noopener\"><strong>Collectif 50\/50<\/strong><\/a>, association qui d\u00e9fend l\u2019\u00e9galit\u00e9 professionnelle et la parit\u00e9 dans le secteur cin\u00e9matographique.<\/p>\n\n\n\n<p><strong><a href=\"https:\/\/lesfemmessaniment.fr\/\" data-type=\"link\" data-id=\"https:\/\/lesfemmessaniment.fr\/\">Les Femmes s&rsquo;Animent<\/a><\/strong>, association mettant en avant les femmes du domaine du cin\u00e9ma d&rsquo;animation.<\/p>\n\n\n\n<p><a rel=\"noreferrer noopener\" href=\"https:\/\/payetontournage.tumblr.com\/\" target=\"_blank\"><strong>Paye ton tournage<\/strong><\/a>, d\u00e9nonce le sexisme ordinaire dans le cin\u00e9ma.<\/p>\n\n\n\n<p><a rel=\"noreferrer noopener\" href=\"https:\/\/lesonzepourcent.wordpress.com\/\" target=\"_blank\"><strong>Les 11 %<\/strong><\/a>, site qui montre l\u2019autre moiti\u00e9 de l\u2019histoire du cin\u00e9ma \u00e0 travers une s\u00e9lection de films r\u00e9alis\u00e9s par des femmes.<\/p>\n\n\n\n<p><a rel=\"noreferrer noopener\" href=\"http:\/\/www.lecinemaestpolitique.fr\/\" target=\"_blank\"><strong>Le cin\u00e9ma est politique<\/strong><\/a>, blog sp\u00e9cialis\u00e9 dans le cin\u00e9ma et dans sa mani\u00e8re de montrer la soci\u00e9t\u00e9 (articles fr\u00e9quents et pertinents sur les r\u00f4les f\u00e9minins).<\/p>\n\n\n\n<p><em><strong><a href=\"https:\/\/www.leslibraires.fr\/livre\/18446058-la-poudre-tome-2-feminismes-et-cinema-le-g--lauren-bastide-marabout\">La Poudre (tome 2), f\u00e9minismes et cin\u00e9ma<\/a><\/strong><\/em>,&nbsp;recueil des entretiens de Lauren Bastide, dans le cadre du Podcast La Poudre, 2021.<\/p>\n\n\n\n<p><a href=\"https:\/\/youtu.be\/WHuOgp9ZZZ4?si=ITWSdALFE6qH7KYr\" data-type=\"link\" data-id=\"https:\/\/youtu.be\/WHuOgp9ZZZ4?si=ITWSdALFE6qH7KYr\"><strong>Le sexisme au cin\u00e9ma<\/strong>\u00a0<\/a>\u2013 Une s\u00e9ance presque parfaite #4 | Et tout le monde s\u2019en fout, vid\u00e9o youtube vulgarisant la probl\u00e9matique de la place des pionni\u00e8res du cin\u00e9ma.<\/p>\n\n\n\n<p><em><a href=\"https:\/\/www.radiofrance.fr\/franceculture\/le-test-de-bechdel-wallace-cinema-label-feministe-1222203\"><strong>Le test de Bechdel-Wallace, cin\u00e9ma label f\u00e9ministe<\/strong><\/a><\/em>, article de France culture qui pr\u00e9sente le \u00ab\u00a0test Bechdel-Wallace\u00a0\u00bb visant \u00e0 mettre en \u00e9vidence la surrepr\u00e9sentation des protagonistes masculins dans les \u0153uvres cin\u00e9matographiques. <\/p>\n\n\n\n<p><strong><a href=\"https:\/\/bechdeltest.com\/\">Bechdel Test Movie List<\/a><\/strong>, site participatif qui recense diff\u00e9rents films qui passent ou non avec succ\u00e8s le test Bechdel-Wallace. <\/p>\n\n\n\n<h2 class=\"wp-block-heading has-medium-font-size\">A l&rsquo;\u00e9tranger : <\/h2>\n\n\n\n<p><a rel=\"noreferrer noopener\" href=\"http:\/\/www.cimamujerescineastas.es\/\" target=\"_blank\"><strong>Cima mujeres cineastas<\/strong><\/a>, association espagnole pour promouvoir la pr\u00e9sence des femmes dans le cin\u00e9ma et les m\u00e9dias audiovisuels. <\/p>\n","protected":false},"excerpt":{"rendered":"<p>Collectif 50\/50, association qui d\u00e9fend l\u2019\u00e9galit\u00e9 professionnelle et la parit\u00e9 dans le secteur cin\u00e9matographique. Les Femmes s&rsquo;Animent, association mettant en avant les femmes du domaine du cin\u00e9ma d&rsquo;animation. Paye ton tournage, d\u00e9nonce le sexisme ordinaire dans le cin\u00e9ma. Les 11 %, site qui montre l\u2019autre moiti\u00e9 de l\u2019histoire du cin\u00e9ma \u00e0 travers une s\u00e9lection de [&hellip;]<\/p>\n","protected":false},"author":11,"featured_media":0,"parent":0,"menu_order":0,"comment_status":"closed","ping_status":"closed","template":"","meta":{"footnotes":""},"class_list":["post-2521","page","type-page","status-publish","hentry"],"_links":{"self":[{"href":"https:\/\/hf-normandie.fr\/index.php\/wp-json\/wp\/v2\/pages\/2521","targetHints":{"allow":["GET"]}}],"collection":[{"href":"https:\/\/hf-normandie.fr\/index.php\/wp-json\/wp\/v2\/pages"}],"about":[{"href":"https:\/\/hf-normandie.fr\/index.php\/wp-json\/wp\/v2\/types\/page"}],"author":[{"embeddable":true,"href":"https:\/\/hf-normandie.fr\/index.php\/wp-json\/wp\/v2\/users\/11"}],"replies":[{"embeddable":true,"href":"https:\/\/hf-normandie.fr\/index.php\/wp-json\/wp\/v2\/comments?post=2521"}],"version-history":[{"count":6,"href":"https:\/\/hf-normandie.fr\/index.php\/wp-json\/wp\/v2\/pages\/2521\/revisions"}],"predecessor-version":[{"id":6686,"href":"https:\/\/hf-normandie.fr\/index.php\/wp-json\/wp\/v2\/pages\/2521\/revisions\/6686"}],"wp:attachment":[{"href":"https:\/\/hf-normandie.fr\/index.php\/wp-json\/wp\/v2\/media?parent=2521"}],"curies":[{"name":"wp","href":"https:\/\/api.w.org\/{rel}","templated":true}]}}