{"id":3386,"date":"2024-01-24T11:27:41","date_gmt":"2024-01-24T10:27:41","guid":{"rendered":"https:\/\/hf-normandie.fr\/?page_id=3386"},"modified":"2026-01-16T10:27:03","modified_gmt":"2026-01-16T09:27:03","slug":"reseau-culture-et-egalite-fh-en-normandie","status":"publish","type":"page","link":"https:\/\/hf-normandie.fr\/index.php\/reseau-culture-et-egalite-fh-en-normandie\/","title":{"rendered":"R\u00e9seau culture et \u00e9galit\u00e9 en Normandie"},"content":{"rendered":"\n<p>Depuis 2020, HF+ Normandie anime un <strong>r\u00e9seau professionnel r\u00e9gional d\u00e9di\u00e9 \u00e0 l\u2019\u00e9galit\u00e9 entre les genres dans les arts et la culture<\/strong>. Inscrit dans une d\u00e9marche coh\u00e9rente avec les <strong>Droits culturels<\/strong> et les <strong>politiques publiques en faveur de l\u2019\u00e9galit\u00e9<\/strong>, ce r\u00e9seau \u0153uvre \u00e0 structurer une mobilisation collective durable \u00e0 l\u2019\u00e9chelle de la Normandie.<\/p>\n\n\n\n<h3 class=\"wp-block-heading\">Un r\u00e9seau pour agir concr\u00e8tement<\/h3>\n\n\n\n<p>Ce r\u00e9seau vise \u00e0 <strong>r\u00e9duire durablement les in\u00e9galit\u00e9s de genre<\/strong> dans le secteur des arts et de la culture en r\u00e9gion.  Il f\u00e9d\u00e8re des structures culturelles, des collectivit\u00e9s et des professionnel\u00b7les engag\u00e9\u00b7e\u00b7s autour d\u2019un objectif commun : <strong>transformer les pratiques<\/strong> et <strong>atteindre l\u2019\u00e9galit\u00e9 r\u00e9elle<\/strong>. Il permet un relais coordonn\u00e9 des actions port\u00e9es par HF+ Normandie et favorise la diffusion des bonnes pratiques \u00e0 l\u2019\u00e9chelle r\u00e9gionale et nationale.<\/p>\n\n\n\n<h3 class=\"wp-block-heading\">Une dynamique collective sur tout le territoire<\/h3>\n\n\n\n<p>Le r\u00e9seau s\u2019appuie sur :<\/p>\n\n\n\n<ul class=\"wp-block-list\">\n<li>des <strong>temps de sensibilisation et de formation<\/strong> ;<\/li>\n\n\n\n<li>des <strong>rencontres professionnelles<\/strong> organis\u00e9es sur l\u2019ensemble du territoire normand ;<\/li>\n\n\n\n<li>l\u2019<strong>animation de groupes de travail th\u00e9matiques<\/strong> ;<\/li>\n\n\n\n<li>l\u2019<strong>accompagnement des structures culturelles et des collectivit\u00e9s<\/strong> dans l\u2019identification de leviers concrets et op\u00e9rationnels en faveur de l\u2019\u00e9galit\u00e9.<\/li>\n<\/ul>\n\n\n\n<h3 class=\"wp-block-heading\">Priorit\u00e9s d\u2019action en 2026<\/h3>\n\n\n\n<p>En 2026, le R\u00e9seau culture et \u00e9galit\u00e9 renforce son action autour de plusieurs axes majeurs :<\/p>\n\n\n\n<ul class=\"wp-block-list\">\n<li><strong>Rencontres interr\u00e9gionales du Mouvement HF+<\/strong> (3, 4 et 5 avril 2026 \u00e0 Grand-Quevilly) : conf\u00e9rences, ateliers et table ronde europ\u00e9enne consacr\u00e9e \u00e0 la valorisation du matrimoine, \u00e0 partir des exp\u00e9riences de l\u2019Espagne et de l\u2019Italie.<\/li>\n\n\n\n<li><strong>Pr\u00e9vention et lutte contre les violences sexistes et sexuelles (VSS)<\/strong> : temps d\u2019information et de sensibilisation \u00e0 destination des professionnel\u00b7les du secteur culturel, en lien avec le cadre r\u00e9glementaire et les responsabilit\u00e9s des employeurs.<\/li>\n\n\n\n<li><strong>Structuration d\u2019un r\u00e9seau r\u00e9gional de r\u00e9f\u00e9rent\u00b7es VSS<\/strong>, incluant la cr\u00e9ation d\u2019outils mutualis\u00e9s adapt\u00e9s aux petites structures culturelles.<\/li>\n\n\n\n<li><strong>Rencontres professionnelles en lien avec l\u2019Observatoire de l\u2019\u00e9galit\u00e9<\/strong>, afin d\u2019objectiver la place des femmes dans le secteur culturel et de soutenir des d\u00e9marches fond\u00e9es sur l\u2019analyse de donn\u00e9es.<\/li>\n\n\n\n<li><strong>Accompagnement individualis\u00e9 des structures et des collectivit\u00e9s adh\u00e9rentes<\/strong>, pour la mise en \u0153uvre d\u2019actions positives, op\u00e9rationnelles et \u00e9valuables en faveur de l\u2019\u00e9galit\u00e9.<\/li>\n<\/ul>\n\n\n\n<h3 class=\"wp-block-heading\">Une action ancr\u00e9e localement et port\u00e9e collectivement<\/h3>\n\n\n\n<p>HF+ Normandie agit \u00e0 la fois <strong>sur son territoire<\/strong> et <strong>au sein de la F\u00e9d\u00e9ration interr\u00e9gionale du Mouvement HF+<\/strong>, \u00e0 l\u2019\u00e9chelle nationale. Cette articulation permet de croiser les exp\u00e9riences, de renforcer les dynamiques locales et de porter les enjeux d\u2019\u00e9galit\u00e9 aupr\u00e8s des professionnel\u00b7les, des publics, des \u00e9tudiant\u00b7es et des publics scolaires.<\/p>\n\n\n\n<p><\/p>\n","protected":false},"excerpt":{"rendered":"<p>Depuis 2020, HF+ Normandie anime un r\u00e9seau professionnel r\u00e9gional d\u00e9di\u00e9 \u00e0 l\u2019\u00e9galit\u00e9 entre les genres dans les arts et la culture. Inscrit dans une d\u00e9marche coh\u00e9rente avec les Droits culturels et les politiques publiques en faveur de l\u2019\u00e9galit\u00e9, ce r\u00e9seau \u0153uvre \u00e0 structurer une mobilisation collective durable \u00e0 l\u2019\u00e9chelle de la Normandie. Un r\u00e9seau pour [&hellip;]<\/p>\n","protected":false},"author":2,"featured_media":0,"parent":0,"menu_order":0,"comment_status":"closed","ping_status":"closed","template":"","meta":{"footnotes":""},"class_list":["post-3386","page","type-page","status-publish","hentry"],"_links":{"self":[{"href":"https:\/\/hf-normandie.fr\/index.php\/wp-json\/wp\/v2\/pages\/3386","targetHints":{"allow":["GET"]}}],"collection":[{"href":"https:\/\/hf-normandie.fr\/index.php\/wp-json\/wp\/v2\/pages"}],"about":[{"href":"https:\/\/hf-normandie.fr\/index.php\/wp-json\/wp\/v2\/types\/page"}],"author":[{"embeddable":true,"href":"https:\/\/hf-normandie.fr\/index.php\/wp-json\/wp\/v2\/users\/2"}],"replies":[{"embeddable":true,"href":"https:\/\/hf-normandie.fr\/index.php\/wp-json\/wp\/v2\/comments?post=3386"}],"version-history":[{"count":6,"href":"https:\/\/hf-normandie.fr\/index.php\/wp-json\/wp\/v2\/pages\/3386\/revisions"}],"predecessor-version":[{"id":6410,"href":"https:\/\/hf-normandie.fr\/index.php\/wp-json\/wp\/v2\/pages\/3386\/revisions\/6410"}],"wp:attachment":[{"href":"https:\/\/hf-normandie.fr\/index.php\/wp-json\/wp\/v2\/media?parent=3386"}],"curies":[{"name":"wp","href":"https:\/\/api.w.org\/{rel}","templated":true}]}}

Réseau culture et égalité en Normandie

<p>Depuis 2020, HF+ Normandie anime un <strong>réseau professionnel régional dédié à l’égalité entre les genres dans les arts et la culture</strong>. Inscrit dans une démarche cohérente avec les <strong>Droits culturels</strong> et les <strong>politiques publiques en faveur de l’égalité</strong>, ce réseau œuvre à structurer une mobilisation collective durable à l’échelle de la Normandie.</p>



<h3 class="wp-block-heading">Un réseau pour agir concrètement</h3>



<p>Ce réseau vise à <strong>réduire durablement les inégalités de genre</strong> dans le secteur des arts et de la culture en région.  Il fédère des structures culturelles, des collectivités et des professionnel·les engagé·e·s autour d’un objectif commun : <strong>transformer les pratiques</strong> et <strong>atteindre l’égalité réelle</strong>. Il permet un relais coordonné des actions portées par HF+ Normandie et favorise la diffusion des bonnes pratiques à l’échelle régionale et nationale.</p>



<h3 class="wp-block-heading">Une dynamique collective sur tout le territoire</h3>



<p>Le réseau s’appuie sur :</p>



<ul class="wp-block-list">
<li>des <strong>temps de sensibilisation et de formation</strong> ;</li>



<li>des <strong>rencontres professionnelles</strong> organisées sur l’ensemble du territoire normand ;</li>



<li>l’<strong>animation de groupes de travail thématiques</strong> ;</li>



<li>l’<strong>accompagnement des structures culturelles et des collectivités</strong> dans l’identification de leviers concrets et opérationnels en faveur de l’égalité.</li>
</ul>



<h3 class="wp-block-heading">Priorités d’action en 2026</h3>



<p>En 2026, le Réseau culture et égalité renforce son action autour de plusieurs axes majeurs :</p>



<ul class="wp-block-list">
<li><strong>Rencontres interrégionales du Mouvement HF+</strong> (3, 4 et 5 avril 2026 à Grand-Quevilly) : conférences, ateliers et table ronde européenne consacrée à la valorisation du matrimoine, à partir des expériences de l’Espagne et de l’Italie.</li>



<li><strong>Prévention et lutte contre les violences sexistes et sexuelles (VSS)</strong> : temps d’information et de sensibilisation à destination des professionnel·les du secteur culturel, en lien avec le cadre réglementaire et les responsabilités des employeurs.</li>



<li><strong>Structuration d’un réseau régional de référent·es VSS</strong>, incluant la création d’outils mutualisés adaptés aux petites structures culturelles.</li>



<li><strong>Rencontres professionnelles en lien avec l’Observatoire de l’égalité</strong>, afin d’objectiver la place des femmes dans le secteur culturel et de soutenir des démarches fondées sur l’analyse de données.</li>



<li><strong>Accompagnement individualisé des structures et des collectivités adhérentes</strong>, pour la mise en œuvre d’actions positives, opérationnelles et évaluables en faveur de l’égalité.</li>
</ul>



<h3 class="wp-block-heading">Une action ancrée localement et portée collectivement</h3>



<p>HF+ Normandie agit à la fois <strong>sur son territoire</strong> et <strong>au sein de la Fédération interrégionale du Mouvement HF+</strong>, à l’échelle nationale. Cette articulation permet de croiser les expériences, de renforcer les dynamiques locales et de porter les enjeux d’égalité auprès des professionnel·les, des publics, des étudiant·es et des publics scolaires.</p>



<p></p>

<p>Depuis 2020, HF+ Normandie anime un réseau professionnel régional dédié à l’égalité entre les genres dans les arts et la culture. Inscrit dans une démarche cohérente avec les Droits culturels et les politiques publiques en faveur de l’égalité, ce réseau œuvre à structurer une mobilisation collective durable à l’échelle de la Normandie. Un réseau pour [&hellip;]</p>
