{"id":3401,"date":"2024-01-24T13:29:44","date_gmt":"2024-01-24T12:29:44","guid":{"rendered":"https:\/\/hf-normandie.fr\/?page_id=3401"},"modified":"2026-03-20T10:40:11","modified_gmt":"2026-03-20T09:40:11","slug":"structures-adherentes-et-partenaires","status":"publish","type":"page","link":"https:\/\/hf-normandie.fr\/index.php\/structures-adherentes-et-partenaires\/","title":{"rendered":"Structures adh\u00e9rentes"},"content":{"rendered":"\n<p>En adh\u00e9rant \u00e0 <strong>HF+ Normandie<\/strong>, ces structures (associations, compagnies, structures culturelles, collectivit\u00e9s) l\u00e9gitimisent et soutiennent concr\u00e8tement les actions de l&rsquo;association !<\/p>\n\n\n\n<p>Pour adh\u00e9rer en 2026 en tant que structure ou personne morale c&rsquo;est tr\u00e8s simple :<br><strong>L&rsquo;adh\u00e9sion, valable pour une ann\u00e9e civile, est progressive de 50 \u20ac \u00e0 250\u20ac (en fonction du nombre de salari\u00e9\u00b7es). <br>Il est \u00e9galement possible d&rsquo;adh\u00e9rer \u00e0 hauteur de 500\u20ac en tant que collectivit\u00e9 ou structure bienfaitrice.<\/strong><br><strong><a href=\"https:\/\/www.helloasso.com\/associations\/hf-normandie\/adhesions\/adhesion-a-l-association-hf-normandie-2026\" target=\"_blank\" rel=\"noreferrer noopener\">L&rsquo;adh\u00e9sion s&rsquo;effectue en ligne<\/a> ou sur simple demande<\/strong> par t\u00e9l\u00e9phone : 06 09 87 06 91 ou par mail : hfnormandie@gmail.com.<\/p>\n\n\n\n<p>Voici la liste des <strong>structures adh\u00e9rentes<\/strong> :<br><em><sup>Campagne d&rsquo;adh\u00e9sion 2026 en cours.<\/sup><\/em><\/p>\n\n\n\n<p><strong>Atelier 231, centre national des arts de la rue et de l\u2019espace public<\/strong><br><a href=\"https:\/\/www.atelier231.fr\/\">https:\/\/www.atelier231.fr\/<\/a><\/p>\n\n\n\n<p><strong>Cie Akt\u00e9<\/strong><br><a href=\"https:\/\/www.akte.fr\/\">https:\/\/www.akte.fr\/<\/a><\/p>\n\n\n\n<p><strong>Cie Alchimie<\/strong><br><a href=\"https:\/\/compagnie-alchimie.fr\/\" data-type=\"link\" data-id=\"https:\/\/compagnie-alchimie.fr\/\">https:\/\/compagnie-alchimie.fr\/<\/a><\/p>\n\n\n\n<p><strong>Cirque Th\u00e9\u00e2tre d&rsquo;Elbeuf<\/strong><br><a href=\"https:\/\/www.cirquetheatre-elbeuf.com\/\">https:\/\/www.cirquetheatre-elbeuf.com\/<\/a><\/p>\n\n\n\n<p><strong>CARPANORAMA<\/strong><br><a href=\"https:\/\/carpanorama.fr\/\" data-type=\"link\" data-id=\"https:\/\/carpanorama.fr\/\">https:\/\/carpanorama.fr\/<\/a><\/p>\n\n\n\n<p><strong>Centre culturel Juliobona<\/strong><br><a href=\"https:\/\/www.juliobona.fr\/\">https:\/\/www.juliobona.fr\/<\/a><\/p>\n\n\n\n<p><strong>Centre d&rsquo;Expressions Musicales (Le CEM<\/strong>)<br><a href=\"https:\/\/www.le-cem.com\/\" data-type=\"link\" data-id=\"https:\/\/www.le-cem.com\/\">https:\/\/www.le-cem.com\/<\/a><\/p>\n\n\n\n<p><strong>Centre Dramatique National de Normandie Rouen<\/strong><br><a href=\"https:\/\/www.cdn-normandierouen.fr\/\">https:\/\/www.cdn-normandierouen.fr\/<\/a><\/p>\n\n\n\n<p><strong>Comm\u00e9diamuse<\/strong><br><a href=\"https:\/\/www.commediamuse.fr\/\">https:\/\/www.commediamuse.fr\/<\/a><\/p>\n\n\n\n<p><strong>Collectif sur le Pont<\/strong><br><a href=\"https:\/\/collectifsurlepont.com\/\">https:\/\/collectifsurlepont.com\/<\/a><\/p>\n\n\n\n<p><strong>Communaut\u00e9 de commune de Caux-Austreberthe<\/strong><br><a href=\"https:\/\/www.cccauxaustreberthe.fr\/\">https:\/\/www.cccauxaustreberthe.fr\/<\/a><\/p>\n\n\n\n<p><strong>Cie des Fr\u00e8res Georges<\/strong><br><a href=\"https:\/\/freresgeorges.fr\/\">https:\/\/freresgeorges.fr\/<\/a><\/p>\n\n\n\n<p><strong>Dieppe Sc\u00e8ne Nationale<\/strong><br><a href=\"https:\/\/www.dsn.asso.fr\/\">https:\/\/www.dsn.asso.fr\/<\/a><\/p>\n\n\n\n<p><strong>Ensemble les Meslanges<\/strong><br><a href=\"https:\/\/lesmeslanges.org\/\">https:\/\/lesmeslanges.org\/<\/a><\/p>\n\n\n\n<p><strong>Ensemble Variances<\/strong><br><a href=\"https:\/\/ensemblevariances.com\/fr\/\">https:\/\/ensemblevariances.com\/fr\/<\/a><\/p>\n\n\n\n<p><strong>La Fabrik \u00e0 Sons<\/strong><br><a href=\"https:\/\/fabrikasons.com\/\">https:\/\/fabrikasons.com<\/a><\/p>\n\n\n\n<p><strong>Gabie Coaching<\/strong><br><a href=\"https:\/\/www.gabiecoaching.com\/equipe-pedagogique\">https:\/\/www.gabiecoaching.com<\/a><\/p>\n\n\n\n<p><strong>Iris&rsquo;son<\/strong><br><a href=\"https:\/\/iris-son.fr\/\">https:\/\/iris-son.fr\/<\/a><\/p>\n\n\n\n<p><strong>Cie Le Chat Foin<\/strong><br><a href=\"https:\/\/lechatfoin.com\/\">https:\/\/lechatfoin.com\/<\/a><\/p>\n\n\n\n<p><strong>Cie Les Gros Ours<\/strong><br><a href=\"https:\/\/www.lesgrosours.com\/\">https:\/\/www.lesgrosours.com\/<\/a><\/p>\n\n\n\n<p><strong>MaCaO 7\u00e8me art<\/strong><br><a href=\"https:\/\/www.macao7emeart.fr\/\">https:\/\/www.macao7emeart.fr\/<\/a><\/p>\n\n\n\n<p><strong>M\u00e9tropole Rouen-Normandie<\/strong><br><a href=\"https:\/\/metropole-rouen-normandie.fr\/\">https:\/\/metropole-rouen-normandie.fr<\/a><\/p>\n\n\n\n<p><strong>Cie NOESIS<\/strong><br><a href=\"https:\/\/cie-noesis.org\/v2\/\" data-type=\"link\" data-id=\"https:\/\/cie-noesis.org\/v2\/\">https:\/\/cie-noesis.org<\/a><\/p>\n\n\n\n<p><strong>Normandie Images<\/strong><br><a href=\"https:\/\/www.normandieimages.fr\/\">https:\/\/www.normandieimages.fr\/<\/a><\/p>\n\n\n\n<p><strong>Normandie Livre et Lecture<\/strong><br><a href=\"https:\/\/www.normandielivre.fr\/\">https:\/\/www.normandielivre.fr\/<\/a><\/p>\n\n\n\n<p><strong>NORMA Normandie Musiques Actuelles<\/strong><br><a href=\"https:\/\/www.norma-asso.fr\/\">https:\/\/www.norma-asso.fr\/<\/a><\/p>\n\n\n\n<p><strong>Oblique\/s<\/strong><br><a href=\"http:\/\/www.oblique-s.org\/?fbclid=IwY2xjawPoVU5leHRuA2FlbQIxMABicmlkETFLZ2IzQkFFczRKVjl0enhhc3J0YwZhcHBfaWQQMjIyMDM5MTc4ODIwMDg5MgABHvbvOHjKvxpnKy8MZsS3hTJL2I6i6L2CK9s3B4u4Ek4VA0VVNW-2aMyvaTO2_aem_eUax3qDxKFdxiLFmFsMTzw\">http:\/\/www.oblique-s.org<\/a><\/p>\n\n\n\n<p><strong>ODIA Normandie<\/strong><br><a href=\"https:\/\/www.odianormandie.com\/\">https:\/\/www.odianormandie.com<\/a><\/p>\n\n\n\n<p><strong>OSCAR<\/strong><br><a href=\"https:\/\/groupementoscar.webmo.fr\/\" data-type=\"link\" data-id=\"https:\/\/groupementoscar.webmo.fr\/\">https:\/\/groupementoscar.webmo.fr<\/a><\/p>\n\n\n\n<p><strong>Th\u00e9\u00e2tre Le Passage<\/strong><br><a href=\"https:\/\/www.theatrelepassage.fr\/\" data-type=\"link\" data-id=\"https:\/\/www.theatrelepassage.fr\/\">https:\/\/www.theatrelepassage.fr<\/a><\/p>\n\n\n\n<p><strong>Le Phare, CCN du Havre Normandie<\/strong><br><a href=\"https:\/\/lephare-ccn.fr\/\">https:\/\/lephare-ccn.fr<\/a><\/p>\n\n\n\n<p><strong>Association PiedNu<\/strong><br><a href=\"https:\/\/piednu.cargo.site\/\" data-type=\"link\" data-id=\"https:\/\/piednu.cargo.site\/\">https:\/\/piednu.cargo.site\/<\/a><\/p>\n\n\n\n<p><strong>Le Pr\u00e9au, CDN de Normandie-Vire<\/strong><br><a href=\"https:\/\/www.lepreaucdn.fr\/\">https:\/\/www.lepreaucdn.fr\/<\/a><\/p>\n\n\n\n<p><strong>Radio Ph\u00e9nix<\/strong><br><a href=\"https:\/\/phenix.fm\/\">https:\/\/phenix.fm\/<\/a><\/p>\n\n\n\n<p><strong>Le Rebours<\/strong><br><a href=\"https:\/\/www.lerebours.eu\/\">https:\/\/www.lerebours.eu\/<\/a><\/p>\n\n\n\n<p><strong>RN13BIS &#8211; art contemporain en Normandie<\/strong><br><a href=\"https:\/\/rn13bis.fr\/\" data-type=\"link\" data-id=\"https:\/\/rn13bis.fr\/\">https:\/\/rn13bis.fr\/<\/a><\/p>\n\n\n\n<p><strong>Roax Tour<\/strong><br><a href=\"https:\/\/roaxtour.fr\/\" data-type=\"link\" data-id=\"https:\/\/roaxtour.fr\/\">https:\/\/roaxtour.fr\/<\/a><\/p>\n\n\n\n<p><strong>Le Sablier, centre national de la marionnette<\/strong><br><a href=\"https:\/\/le-sablier.org\/\" data-type=\"link\" data-id=\"https:\/\/le-sablier.org\/\">https:\/\/le-sablier.org\/<\/a><\/p>\n\n\n\n<p><strong>Le Tangram, Sc\u00e8ne nationale Evreux<\/strong><br><a href=\"https:\/\/www.letangram.com\/\">https:\/\/www.letangram.com\/<\/a><\/p>\n\n\n\n<p><strong>Le Tetris<\/strong>, <strong>Sc\u00e8ne de musique actuelle du Havre<\/strong> &#8211; <strong>association Papa&rsquo;s production<\/strong><br><a href=\"http:\/\/www.letetris.fr\/\">www.letetris.fr<\/a><\/p>\n\n\n\n<p><strong>TFT Label<\/strong><br><a href=\"https:\/\/www.tftlabel.com\/\">https:\/\/www.tftlabel.com\/<\/a><\/p>\n\n\n\n<p><strong>Th\u00e9\u00e2tre Charles Dullin, Grand-Quevilly<\/strong><br><a href=\"https:\/\/dullin-grandquevilly.fr\/\">https:\/\/dullin-grandquevilly.fr\/<\/a><\/p>\n\n\n\n<p><strong>Th\u00e9\u00e2tre de Lisieux<\/strong><br><a href=\"https:\/\/www.lisieux-normandie.fr\/culture-loisirs\/culture\/spectacle-vivant\/theatre-lisieux-normandie\/\">https:\/\/www.lisieux-normandie.fr\/culture-loisirs\/culture\/spectacle-vivant\/theatre-lisieux-normandie\/<\/a><\/p>\n\n\n\n<p><strong>Th\u00e9\u00e2tre Municipal de Coutances \/ Festival Jazz sous les Pommiers<\/strong><br><a href=\"https:\/\/theatre-coutances.com\/\">https:\/\/theatre-coutances.com\/<\/a><\/p>\n\n\n\n<p><strong>The Green Room<\/strong><br><a href=\"https:\/\/thegreenroom.fr\/presentation\">https:\/\/thegreenroom.fr<\/a><\/p>\n\n\n\n<p><strong>Cie Une Chambre \u00e0 Soi<\/strong><br><a href=\"https:\/\/www.cieunechambreasoi.com\/site\/\">https:\/\/www.cieunechambreasoi.com<\/a><\/p>\n\n\n\n<p><strong>Universit\u00e9 de Rouen &#8211; Direction de la Culture<\/strong><br><a href=\"https:\/\/www.univ-rouen.fr\/etablissement\/directions-et-services\/direction-de-la-culture\/\">https:\/\/www.univ-rouen.fr\/etablissement\/directions-et-services\/direction-de-la-culture\/<\/a><\/p>\n\n\n\n<p><strong>Les Vibrants D\u00e9fricheurs<\/strong><br><a href=\"https:\/\/www.lesvibrantsdefricheurs.com\/\">https:\/\/www.lesvibrantsdefricheurs.com\/<\/a><\/p>\n\n\n\n<p><strong>Ville de Grand-Quevilly<\/strong><br><a href=\"https:\/\/grandquevilly.fr\/\">https:\/\/grandquevilly.fr\/<\/a><\/p>\n\n\n\n<p><strong>Ville de Sotteville-l\u00e8s-Rouen<\/strong><br><a href=\"https:\/\/sotteville-les-rouen.fr\/\" data-type=\"link\" data-id=\"https:\/\/sotteville-les-rouen.fr\/\">https:\/\/sotteville-les-rouen.fr\/<\/a><\/p>\n","protected":false},"excerpt":{"rendered":"<p>En adh\u00e9rant \u00e0 HF+ Normandie, ces structures (associations, compagnies, structures culturelles, collectivit\u00e9s) l\u00e9gitimisent et soutiennent concr\u00e8tement les actions de l&rsquo;association ! Pour adh\u00e9rer en 2026 en tant que structure ou personne morale c&rsquo;est tr\u00e8s simple :L&rsquo;adh\u00e9sion, valable pour une ann\u00e9e civile, est progressive de 50 \u20ac \u00e0 250\u20ac (en fonction du nombre de salari\u00e9\u00b7es). Il [&hellip;]<\/p>\n","protected":false},"author":2,"featured_media":0,"parent":0,"menu_order":0,"comment_status":"closed","ping_status":"closed","template":"","meta":{"footnotes":""},"class_list":["post-3401","page","type-page","status-publish","hentry"],"_links":{"self":[{"href":"https:\/\/hf-normandie.fr\/index.php\/wp-json\/wp\/v2\/pages\/3401","targetHints":{"allow":["GET"]}}],"collection":[{"href":"https:\/\/hf-normandie.fr\/index.php\/wp-json\/wp\/v2\/pages"}],"about":[{"href":"https:\/\/hf-normandie.fr\/index.php\/wp-json\/wp\/v2\/types\/page"}],"author":[{"embeddable":true,"href":"https:\/\/hf-normandie.fr\/index.php\/wp-json\/wp\/v2\/users\/2"}],"replies":[{"embeddable":true,"href":"https:\/\/hf-normandie.fr\/index.php\/wp-json\/wp\/v2\/comments?post=3401"}],"version-history":[{"count":25,"href":"https:\/\/hf-normandie.fr\/index.php\/wp-json\/wp\/v2\/pages\/3401\/revisions"}],"predecessor-version":[{"id":6653,"href":"https:\/\/hf-normandie.fr\/index.php\/wp-json\/wp\/v2\/pages\/3401\/revisions\/6653"}],"wp:attachment":[{"href":"https:\/\/hf-normandie.fr\/index.php\/wp-json\/wp\/v2\/media?parent=3401"}],"curies":[{"name":"wp","href":"https:\/\/api.w.org\/{rel}","templated":true}]}}