{"id":3431,"date":"2024-01-25T13:05:48","date_gmt":"2024-01-25T12:05:48","guid":{"rendered":"https:\/\/hf-normandie.fr\/?page_id=3431"},"modified":"2024-08-16T16:04:27","modified_gmt":"2024-08-16T14:04:27","slug":"journees-du-matrimoine-2024","status":"publish","type":"page","link":"https:\/\/hf-normandie.fr\/index.php\/journees-du-matrimoine-2024\/","title":{"rendered":"Journ\u00e9es du Matrimoine 2024"},"content":{"rendered":"\n<figure class=\"wp-block-image size-large\"><img loading=\"lazy\" decoding=\"async\" width=\"1024\" height=\"256\" src=\"https:\/\/hf-normandie.fr\/wp-content\/uploads\/2024\/07\/gabarits-web_Virginia_1584-x-396-1024x256.jpg\" alt=\"\" class=\"wp-image-3658\" srcset=\"https:\/\/hf-normandie.fr\/wp-content\/uploads\/2024\/07\/gabarits-web_Virginia_1584-x-396-1024x256.jpg 1024w, https:\/\/hf-normandie.fr\/wp-content\/uploads\/2024\/07\/gabarits-web_Virginia_1584-x-396-300x75.jpg 300w, https:\/\/hf-normandie.fr\/wp-content\/uploads\/2024\/07\/gabarits-web_Virginia_1584-x-396-768x192.jpg 768w, https:\/\/hf-normandie.fr\/wp-content\/uploads\/2024\/07\/gabarits-web_Virginia_1584-x-396-1536x384.jpg 1536w, https:\/\/hf-normandie.fr\/wp-content\/uploads\/2024\/07\/gabarits-web_Virginia_1584-x-396.jpg 1584w\" sizes=\"auto, (max-width: 1024px) 100vw, 1024px\" \/><\/figure>\n\n\n\n<h1 class=\"wp-block-heading\"><strong>Les Journ\u00e9es du Matrimoine sont de retour en Normandie du 19 au 22 septembre 2024 !<\/strong><\/h1>\n\n\n\n<p><strong>Conf\u00e9rences, expositions, lectures, spectacles, visites comment\u00e9es, projections, ateliers<\/strong>\u2026 110 \u00e9v\u00e8nements sont \u00e0 d\u00e9couvrir dans 100 lieux normands partenaires de cette huiti\u00e8me \u00e9dition.<\/p>\n\n\n\n<div data-wp-interactive=\"core\/file\" class=\"wp-block-file\"><object data-wp-bind--hidden=\"!state.hasPdfPreview\" hidden class=\"wp-block-file__embed\" data=\"https:\/\/hf-normandie.fr\/wp-content\/uploads\/2024\/08\/Plaquette_JDM24_web.pdf\" type=\"application\/pdf\" style=\"width:100%;height:600px\" aria-label=\"Contenu embarqu\u00e9 Plaquette_JDM24_web.\"><\/object><a id=\"wp-block-file--media-751febef-4b46-4338-acd7-84326bcf1a23\" href=\"https:\/\/hf-normandie.fr\/wp-content\/uploads\/2024\/08\/Plaquette_JDM24_web.pdf\">Plaquette_JDM24_web<\/a><a href=\"https:\/\/hf-normandie.fr\/wp-content\/uploads\/2024\/08\/Plaquette_JDM24_web.pdf\" class=\"wp-block-file__button wp-element-button\" download aria-describedby=\"wp-block-file--media-751febef-4b46-4338-acd7-84326bcf1a23\">T\u00e9l\u00e9charger<\/a><\/div>\n\n\n\n<p>D\u00e9couvrez le programme de l\u2019\u00e9dition 2024 par territoire :<br><strong><a href=\"https:\/\/hf-normandie.fr\/index.php\/journees-du-matrimoine-2024-calvados\/\">Calvados<\/a><\/strong>&nbsp;\/&nbsp;<strong><a href=\"https:\/\/hf-normandie.fr\/index.php\/journees-du-matrimoine-2024-eure\/\">Eure<\/a><\/strong>&nbsp;\/&nbsp;<strong><a href=\"https:\/\/hf-normandie.fr\/index.php\/journees-du-matrimoine-2024-manche\/\">Manche<\/a><\/strong>&nbsp;\/&nbsp;<strong><a href=\"https:\/\/hf-normandie.fr\/index.php\/journees-du-matrimoine-2024-seine-maritime\/\">Seine-Maritime<\/a><\/strong>&nbsp;&amp;&nbsp;<strong><a href=\"https:\/\/hf-normandie.fr\/index.php\/journees-du-matrimoine-2024-metropole-rouen-normandie\/\">M\u00e9tropole Rouen Normandie<\/a><\/strong>&nbsp;\/&nbsp;<strong><a href=\"https:\/\/hf-normandie.fr\/index.php\/journees-du-matrimoine-2024-orne\/\">Orne<\/a><\/strong><\/p>\n\n\n\n<iframe loading=\"lazy\" src=\"https:\/\/www.google.com\/maps\/d\/u\/0\/embed?mid=1PeIE-eAcA04p33srey-D2sEGZZZuvK0&#038;ehbc=2E312F\" width=\"640\" height=\"480\"><\/iframe>\n\n\n\n<p>Ou par typologie :<br><strong><a href=\"https:\/\/hf-normandie.fr\/index.php\/journees-du-matrimoine-2024-ateliers\/\">Ateliers &amp; Escape Game<\/a><\/strong>&nbsp;\/&nbsp;<strong><a href=\"https:\/\/hf-normandie.fr\/index.php\/journees-du-matrimoine-2024-balades-commentees\/\">Balades comment\u00e9es<\/a><\/strong>&nbsp;\/&nbsp;<a href=\"https:\/\/hf-normandie.fr\/index.php\/journees-du-matrimoine-2024-conferences\/\"><strong>Conf\u00e9rences<\/strong>&nbsp;<\/a>\/&nbsp;<strong><a href=\"https:\/\/hf-normandie.fr\/index.php\/journees-du-matrimoine-2024-concerts-et-spectacles-musicaux\/\">Concerts &amp; spectacles musicaux<\/a><\/strong>&nbsp;\/&nbsp;<strong><a href=\"https:\/\/hf-normandie.fr\/index.php\/journees-du-matrimoine-2024-expositions-visites-commentees\/\">Expositions &amp; visites comment\u00e9es<\/a><\/strong>&nbsp;\/&nbsp;<strong><a href=\"https:\/\/hf-normandie.fr\/index.php\/journees-du-matrimoine-2024-lectures\/\">Lectures<\/a>&nbsp;<\/strong>\/&nbsp;<strong><a href=\"https:\/\/hf-normandie.fr\/index.php\/journees-du-matrimoine-2024-projections\/\">Projections<\/a>&nbsp;<\/strong>\/&nbsp;<strong><a href=\"https:\/\/hf-normandie.fr\/index.php\/journees-du-matrimoine-2024-spectacles-et-performances\/\">Spectacles et performances<\/a><\/strong><\/p>\n\n\n\n<p><\/p>\n","protected":false},"excerpt":{"rendered":"<p>Les Journ\u00e9es du Matrimoine sont de retour en Normandie du 19 au 22 septembre 2024 ! Conf\u00e9rences, expositions, lectures, spectacles, visites comment\u00e9es, projections, ateliers\u2026 110 \u00e9v\u00e8nements sont \u00e0 d\u00e9couvrir dans 100 lieux normands partenaires de cette huiti\u00e8me \u00e9dition. D\u00e9couvrez le programme de l\u2019\u00e9dition 2024 par territoire :Calvados&nbsp;\/&nbsp;Eure&nbsp;\/&nbsp;Manche&nbsp;\/&nbsp;Seine-Maritime&nbsp;&amp;&nbsp;M\u00e9tropole Rouen Normandie&nbsp;\/&nbsp;Orne Ou par typologie :Ateliers &amp; Escape [&hellip;]<\/p>\n","protected":false},"author":2,"featured_media":0,"parent":0,"menu_order":0,"comment_status":"closed","ping_status":"closed","template":"","meta":{"footnotes":""},"class_list":["post-3431","page","type-page","status-publish","hentry"],"_links":{"self":[{"href":"https:\/\/hf-normandie.fr\/index.php\/wp-json\/wp\/v2\/pages\/3431","targetHints":{"allow":["GET"]}}],"collection":[{"href":"https:\/\/hf-normandie.fr\/index.php\/wp-json\/wp\/v2\/pages"}],"about":[{"href":"https:\/\/hf-normandie.fr\/index.php\/wp-json\/wp\/v2\/types\/page"}],"author":[{"embeddable":true,"href":"https:\/\/hf-normandie.fr\/index.php\/wp-json\/wp\/v2\/users\/2"}],"replies":[{"embeddable":true,"href":"https:\/\/hf-normandie.fr\/index.php\/wp-json\/wp\/v2\/comments?post=3431"}],"version-history":[{"count":18,"href":"https:\/\/hf-normandie.fr\/index.php\/wp-json\/wp\/v2\/pages\/3431\/revisions"}],"predecessor-version":[{"id":4715,"href":"https:\/\/hf-normandie.fr\/index.php\/wp-json\/wp\/v2\/pages\/3431\/revisions\/4715"}],"wp:attachment":[{"href":"https:\/\/hf-normandie.fr\/index.php\/wp-json\/wp\/v2\/media?parent=3431"}],"curies":[{"name":"wp","href":"https:\/\/api.w.org\/{rel}","templated":true}]}}