{"id":3504,"date":"2024-02-28T16:24:44","date_gmt":"2024-02-28T15:24:44","guid":{"rendered":"https:\/\/hf-normandie.fr\/?page_id=3504"},"modified":"2024-03-01T13:26:09","modified_gmt":"2024-03-01T12:26:09","slug":"lutter-contre-les-violences-sexistes-et-sexuelles","status":"publish","type":"page","link":"https:\/\/hf-normandie.fr\/index.php\/lutter-contre-les-violences-sexistes-et-sexuelles\/","title":{"rendered":"Lutter contre les violences sexistes et sexuelles"},"content":{"rendered":"<div class=\"wp-block-image\">\n<figure class=\"aligncenter size-large\"><img loading=\"lazy\" decoding=\"async\" width=\"1024\" height=\"384\" src=\"https:\/\/hf-normandie.fr\/wp-content\/uploads\/2024\/02\/01-87-20-30-90-violences-sexuelles-culture@audiens.org_-1-1024x384.png\" alt=\"\" class=\"wp-image-3507\" srcset=\"https:\/\/hf-normandie.fr\/wp-content\/uploads\/2024\/02\/01-87-20-30-90-violences-sexuelles-culture@audiens.org_-1-1024x384.png 1024w, https:\/\/hf-normandie.fr\/wp-content\/uploads\/2024\/02\/01-87-20-30-90-violences-sexuelles-culture@audiens.org_-1-300x113.png 300w, https:\/\/hf-normandie.fr\/wp-content\/uploads\/2024\/02\/01-87-20-30-90-violences-sexuelles-culture@audiens.org_-1-768x288.png 768w, https:\/\/hf-normandie.fr\/wp-content\/uploads\/2024\/02\/01-87-20-30-90-violences-sexuelles-culture@audiens.org_-1-1536x576.png 1536w, https:\/\/hf-normandie.fr\/wp-content\/uploads\/2024\/02\/01-87-20-30-90-violences-sexuelles-culture@audiens.org_-1.png 1890w\" sizes=\"auto, (max-width: 1024px) 100vw, 1024px\" \/><\/figure>\n<\/div>\n\n\n<p class=\"has-text-align-left\">HF+ Normandie exige que des moyens et des actions concr\u00e8tes soient engag\u00e9s d\u00e8s aujourd\u2019hui pour en finir avec la banalisation des violences sexistes et sexuelles dans le secteur culturel.&nbsp;<\/p>\n\n\n\n<p class=\"has-text-align-left\">Nous le savons toutes et tous d\u00e9sormais, le sexisme \u00e0 l\u2019\u00e9gard des femmes dans le secteur des arts et de la culture est end\u00e9mique. Il est le r\u00e9sultat d\u2019une culture de la violence transmise d\u00e8s l\u2019enfance par la reproduction et la r\u00e9p\u00e9tition de comportements inacceptables. Depuis plusieurs ann\u00e9es, le mouvement HF d\u00e9nonce cette situation avec force et clart\u00e9. Cette ins\u00e9curit\u00e9, nous en sommes convaincu\u00b7es, est un des freins majeurs \u00e0 l\u2019\u00e9galit\u00e9 et \u00e0 la mixit\u00e9 dans les m\u00e9tiers de la culture. Combien de jeunes personnes devront encore en payer le prix et se d\u00e9tourneront de leurs vocations artistiques ? Combien de femmes renonceront \u00e0 leurs carri\u00e8res \u00e0 cause de ces violences?\u00a0<\/p>\n\n\n\n<p class=\"has-text-align-left\">Il n\u2019y a plus de temps \u00e0 perdre pour que ces violences cessent d\u00e9finitivement !<\/p>\n\n\n\n<p class=\"has-text-align-left\">Les institutions publiques et les directions doivent d\u2019urgence se saisir du probl\u00e8me et prendre leurs responsabilit\u00e9s. Pour cela, la parole des victimes doit \u00eatre prise en consid\u00e9ration, accompagn\u00e9e de proc\u00e9dures de signalement et de traitement des VSS d\u00e9ploy\u00e9es dans chaque \u00e9tablissement et structure, l\u2019ensemble des \u00e9quipes doit \u00eatre obligatoirement form\u00e9 et des sanctions appliqu\u00e9es.<br><br>L&rsquo;\u00e9quipe d&rsquo;HF+ Normandie<\/p>\n\n\n\n<p><\/p>\n\n\n\n<p><\/p>\n\n\n\n<p><\/p>\n\n\n\n<iframe loading=\"lazy\" src=\"https:\/\/www.google.com\/maps\/d\/u\/3\/embed?mid=1vpIekmwXIMJRecb8dfGsb3J2lInMpVw&#038;ehbc=2E312F\" width=\"640\" height=\"480\"><\/iframe>\n","protected":false},"excerpt":{"rendered":"<p>HF+ Normandie exige que des moyens et des actions concr\u00e8tes soient engag\u00e9s d\u00e8s aujourd\u2019hui pour en finir avec la banalisation des violences sexistes et sexuelles dans le secteur culturel.&nbsp; Nous le savons toutes et tous d\u00e9sormais, le sexisme \u00e0 l\u2019\u00e9gard des femmes dans le secteur des arts et de la culture est end\u00e9mique. Il est [&hellip;]<\/p>\n","protected":false},"author":11,"featured_media":0,"parent":0,"menu_order":0,"comment_status":"closed","ping_status":"closed","template":"","meta":{"footnotes":""},"class_list":["post-3504","page","type-page","status-publish","hentry"],"_links":{"self":[{"href":"https:\/\/hf-normandie.fr\/index.php\/wp-json\/wp\/v2\/pages\/3504","targetHints":{"allow":["GET"]}}],"collection":[{"href":"https:\/\/hf-normandie.fr\/index.php\/wp-json\/wp\/v2\/pages"}],"about":[{"href":"https:\/\/hf-normandie.fr\/index.php\/wp-json\/wp\/v2\/types\/page"}],"author":[{"embeddable":true,"href":"https:\/\/hf-normandie.fr\/index.php\/wp-json\/wp\/v2\/users\/11"}],"replies":[{"embeddable":true,"href":"https:\/\/hf-normandie.fr\/index.php\/wp-json\/wp\/v2\/comments?post=3504"}],"version-history":[{"count":15,"href":"https:\/\/hf-normandie.fr\/index.php\/wp-json\/wp\/v2\/pages\/3504\/revisions"}],"predecessor-version":[{"id":3558,"href":"https:\/\/hf-normandie.fr\/index.php\/wp-json\/wp\/v2\/pages\/3504\/revisions\/3558"}],"wp:attachment":[{"href":"https:\/\/hf-normandie.fr\/index.php\/wp-json\/wp\/v2\/media?parent=3504"}],"curies":[{"name":"wp","href":"https:\/\/api.w.org\/{rel}","templated":true}]}}

<div class="wp-block-image">
<figure class="aligncenter size-large"><img loading="lazy" decoding="async" width="1024" height="384" src="https://hf-normandie.fr/wp-content/uploads/2024/02/01-87-20-30-90-violences-sexuelles-culture@audiens.org_-1-1024x384.png" alt="" class="wp-image-3507" srcset="https://hf-normandie.fr/wp-content/uploads/2024/02/01-87-20-30-90-violences-sexuelles-culture@audiens.org_-1-1024x384.png 1024w, https://hf-normandie.fr/wp-content/uploads/2024/02/01-87-20-30-90-violences-sexuelles-culture@audiens.org_-1-300x113.png 300w, https://hf-normandie.fr/wp-content/uploads/2024/02/01-87-20-30-90-violences-sexuelles-culture@audiens.org_-1-768x288.png 768w, https://hf-normandie.fr/wp-content/uploads/2024/02/01-87-20-30-90-violences-sexuelles-culture@audiens.org_-1-1536x576.png 1536w, https://hf-normandie.fr/wp-content/uploads/2024/02/01-87-20-30-90-violences-sexuelles-culture@audiens.org_-1.png 1890w" sizes="auto, (max-width: 1024px) 100vw, 1024px" /></figure>
</div>


<p class="has-text-align-left">HF+ Normandie exige que des moyens et des actions concrètes soient engagés dès aujourd’hui pour en finir avec la banalisation des violences sexistes et sexuelles dans le secteur culturel.&nbsp;</p>



<p class="has-text-align-left">Nous le savons toutes et tous désormais, le sexisme à l’égard des femmes dans le secteur des arts et de la culture est endémique. Il est le résultat d’une culture de la violence transmise dès l’enfance par la reproduction et la répétition de comportements inacceptables. Depuis plusieurs années, le mouvement HF dénonce cette situation avec force et clarté. Cette insécurité, nous en sommes convaincu·es, est un des freins majeurs à l’égalité et à la mixité dans les métiers de la culture. Combien de jeunes personnes devront encore en payer le prix et se détourneront de leurs vocations artistiques ? Combien de femmes renonceront à leurs carrières à cause de ces violences? </p>



<p class="has-text-align-left">Il n’y a plus de temps à perdre pour que ces violences cessent définitivement !</p>



<p class="has-text-align-left">Les institutions publiques et les directions doivent d’urgence se saisir du problème et prendre leurs responsabilités. Pour cela, la parole des victimes doit être prise en considération, accompagnée de procédures de signalement et de traitement des VSS déployées dans chaque établissement et structure, l’ensemble des équipes doit être obligatoirement formé et des sanctions appliquées.<br><br>L&rsquo;équipe d&rsquo;HF+ Normandie</p>



<p></p>



<p></p>



<p></p>



<iframe loading="lazy" src="https://www.google.com/maps/d/u/3/embed?mid=1vpIekmwXIMJRecb8dfGsb3J2lInMpVw&#038;ehbc=2E312F" width="640" height="480"></iframe>

<p>HF+ Normandie exige que des moyens et des actions concrètes soient engagés dès aujourd’hui pour en finir avec la banalisation des violences sexistes et sexuelles dans le secteur culturel.&nbsp; Nous le savons toutes et tous désormais, le sexisme à l’égard des femmes dans le secteur des arts et de la culture est endémique. Il est [&hellip;]</p>
