{"id":6381,"date":"2026-01-15T13:37:01","date_gmt":"2026-01-15T12:37:01","guid":{"rendered":"https:\/\/hf-normandie.fr\/?page_id=6381"},"modified":"2026-03-25T15:10:13","modified_gmt":"2026-03-25T14:10:13","slug":"journees-du-matrimoine-en-normandie","status":"publish","type":"page","link":"https:\/\/hf-normandie.fr\/index.php\/journees-du-matrimoine-en-normandie\/","title":{"rendered":"Journ\u00e9es du Matrimoine en Normandie"},"content":{"rendered":"\n<h3 class=\"wp-block-heading\" id=\"conferences-expositions-spectacles-visites-commentees-projections-construisons-ensemble-l-evenement-du-15-au-18-septembre-2022\"><strong>Dixi\u00e8me \u00e9dition en Normandie du 16 au 20 septembre 2026 !<\/strong><\/h3>\n\n\n\n<p>Depuis 2015, le Mouvement HF+ porte et coordonne les&nbsp;<strong>Journ\u00e9es du Matrimoine<\/strong>, en partenariat avec les collectivit\u00e9s territoriales, les institutions culturelles, les \u00e9quipes artistiques et les acteur\u00b7rices de la soci\u00e9t\u00e9 civile.<br>Elles sont organis\u00e9es chaque ann\u00e9e, en parall\u00e8le et en r\u00e9sonnance avec les Journ\u00e9es Europ\u00e9ennes du Patrimoine.<\/p>\n\n\n\n<h4 class=\"wp-block-heading\"><strong>Le Matrimoine et le Patrimoine constituent ensemble notre h\u00e9ritage culturel commun<\/strong><\/h4>\n\n\n\n<p>Notre h\u00e9ritage culturel est compos\u00e9 \u00e0 la fois du&nbsp;<strong>patrimoine<\/strong>&nbsp;(ce qui vient des p\u00e8res) et du&nbsp;<strong>matrimoine<\/strong>&nbsp;(ce qui vient des m\u00e8res). En r\u00e9habilitant cette notion, existant d\u00e8s le Moyen \u00c2ge, le Mouvement HF+ \u0153uvre \u00e0 la reconnaissance, \u00e0 la transmission et \u00e0 la visibilit\u00e9 des \u0153uvres des cr\u00e9atrices et intellectuelles d\u2019hier et d\u2019aujourd\u2019hui, tout en contribuant \u00e0 la construction du matrimoine de demain.<\/p>\n\n\n\n<h4 class=\"wp-block-heading\"><strong>Une manifestation d\u2019envergure, ancr\u00e9e sur l\u2019ensemble du territoire<\/strong><\/h4>\n\n\n\n<p>Depuis dix ans, les Journ\u00e9es du Matrimoine en Normandie \u0153uvrent \u00e0 la reconnaissance du matrimoine comme levier d\u2019\u00e9galit\u00e9, tout en soutenant la visibilit\u00e9 et la reconnaissance des artistes contemporaines.<\/p>\n\n\n\n<p>Avec plus de&nbsp;<strong>120 propositions<\/strong>,&nbsp;<strong>80 structures partenaires<\/strong>,&nbsp;<strong>14 000 personnes touch\u00e9es<\/strong>&nbsp;en moyenne et une couverture de l\u2019ensemble du territoire r\u00e9gional, elles constituent aujourd\u2019hui l\u2019une des manifestations les plus importantes en France, tant par leur ampleur que par leur ancrage territorial.<br>En diffusant le matrimoine au plus pr\u00e8s des citoyen\u00b7nes, notamment dans les territoires ruraux et \u00e9loign\u00e9s de l\u2019offre culturelle, elles contribuent \u00e0 l\u2019\u00e9quit\u00e9 territoriale et \u00e0 l\u2019effectivit\u00e9 des droits culturels.<\/p>\n\n\n\n<hr class=\"wp-block-separator has-alpha-channel-opacity\"\/>\n\n\n\n<h3 class=\"wp-block-heading\"><mark><strong>Vous souhaitez participer, accueillir ou proposer un projet ?<\/strong><br><strong>Un appel \u00e0 projets est ouvert<\/strong>\u00a0<strong>jusqu\u2019au 10 avril !<\/strong><\/mark><\/h3>\n\n\n\n<h4 class=\"wp-block-heading\"><strong>Comment participer ?<\/strong><\/h4>\n\n\n\n<p>L\u2019appel \u00e0 projets est ouvert \u00e0&nbsp;<strong>toute proposition mettant \u00e0 l\u2019honneur les femmes cr\u00e9atrices, penseuses et chercheuses, c\u00e9l\u00e8bres, m\u00e9connues ou invisibilis\u00e9es, d\u2019hier et d\u2019aujourd\u2019hu<\/strong>i.<\/p>\n\n\n\n<p>Peuvent candidater :<\/p>\n\n\n\n<ul class=\"wp-block-list\">\n<li><strong>Structures culturelles et collectivit\u00e9s publiques de Normandie<\/strong><br>(mus\u00e9es, th\u00e9\u00e2tres, salles de spectacles, cin\u00e9mas, biblioth\u00e8ques, \u00e9coles, galeries, conservatoires\u2026)<br><mark style=\"background-color:rgba(0, 0, 0, 0)\" class=\"has-inline-color has-luminous-vivid-orange-color\">&nbsp;<strong><em>Deux possibilit\u00e9s : proposer une action et\/ou accueillir un projet.<\/em><\/strong><\/mark><br><br><strong>OU<\/strong><br><\/li>\n\n\n\n<li><strong>Artistes et compagnies professionnelles<\/strong>&nbsp;de toutes disciplines ;<\/li>\n\n\n\n<li><strong>Artistes et \u00e9quipes artistiques amatrices<\/strong>&nbsp;;<\/li>\n\n\n\n<li><strong>Citoyen\u00b7nes<\/strong>&nbsp;souhaitant s\u2019engager.<br><em><strong><mark style=\"background-color:rgba(0, 0, 0, 0)\" class=\"has-inline-color has-luminous-vivid-orange-color\">Les projets s\u00e9lectionn\u00e9s ne disposant pas de lieu d\u2019accueil identifi\u00e9 seront mis en relation avec des structures partenaires.<\/mark><\/strong><\/em><br><br><em>Les structures culturelles et \u00e9quipes artistiques de Normandie sont invit\u00e9es \u00e0&nbsp;<a href=\"https:\/\/hf-normandie.fr\/index.php\/nous-rejoindre\/\" target=\"_blank\" rel=\"noreferrer noopener\">adh\u00e9rer \u00e0 HF+ Normandie<\/a>&nbsp;.<\/em><\/li>\n<\/ul>\n\n\n\n<h4 class=\"wp-block-heading\"><strong>S\u00e9lection des projets<\/strong><\/h4>\n\n\n\n<p>Les projets seront examin\u00e9s par un&nbsp;<strong>comit\u00e9 de pilotage<\/strong>&nbsp;compos\u00e9 d\u2019HF+ Normandie et de ses partenaires institutionnels, en lien avec des structures ressources (ODIA Normandie, Normandie Images, Normandie Livre &amp; Lecture, La Fabrique de Patrimoines en Normandie, Norma, RN 13 Bis\u2026).<\/p>\n\n\n\n<p><strong>Crit\u00e8res de s\u00e9lection :<\/strong><\/p>\n\n\n\n<ul class=\"wp-block-list\">\n<li>pertinence au regard des enjeux du matrimoine ;<\/li>\n\n\n\n<li>exigence artistique et culturelle ;<\/li>\n\n\n\n<li>faisabilit\u00e9 technique ;<\/li>\n\n\n\n<li>attention port\u00e9e \u00e0 la diversit\u00e9, \u00e0 l\u2019accessibilit\u00e9 et \u00e0 l\u2019ouverture \u00e0 tous les publics.<\/li>\n<\/ul>\n\n\n\n<p><strong>Une attention particuli\u00e8re sera port\u00e9e&nbsp;<\/strong>:<\/p>\n\n\n\n<ul class=\"wp-block-list\">\n<li><strong>aux projets d\u00e9ploy\u00e9s en territoires ruraux ou \u00e9loign\u00e9s de l\u2019offre culturelle<\/strong>, afin de favoriser une meilleure \u00e9quit\u00e9 territoriale.<\/li>\n\n\n\n<li><strong>aux projets \u00e0 destination du jeune public et des publics familiaux<\/strong>, y compris sur le temps scolaire, afin de proposer des r\u00e9f\u00e9rences et des mod\u00e8les contribuant \u00e0 la pr\u00e9vention des st\u00e9r\u00e9otypes de genre.<\/li>\n<\/ul>\n\n\n\n<h4 class=\"wp-block-heading\"><strong>Modalit\u00e9s pratiques<\/strong><\/h4>\n\n\n\n<p>Cl\u00f4ture de l\u2019appel \u00e0 projets :\u00a0<strong>10 avril 2026.<\/strong><\/p>\n\n\n\n<ul class=\"wp-block-list\">\n<li>Projets confirm\u00e9s avant le\u00a0<strong>1er juin 2026<\/strong><\/li>\n\n\n\n<li>Les projets sont organis\u00e9s et financ\u00e9s par les structures porteuses<\/li>\n\n\n\n<li>Une\u00a0<strong>contribution financi\u00e8re pouvant aller jusqu\u2019\u00e0 1 000 \u20ac par projet<\/strong>\u00a0pourra \u00eatre accord\u00e9e, en compl\u00e9ment des financements existants<br><em>Attention, cette contribution financi\u00e8re n\u2019a pas vocation \u00e0 financer une cr\u00e9ation ou \u00e0 prendre en charge l\u2019int\u00e9gralit\u00e9 d\u2019une prestation, mais bien \u00e0 permettre la faisabilit\u00e9 d\u2019une proposition dans des conditions professionnelles et\/ou de compl\u00e9ter l\u2019apport de la structure accueillante<\/em>.<\/li>\n\n\n\n<li>Les projets retenus b\u00e9n\u00e9ficieront d\u2019une\u00a0<strong>communication commune<\/strong>\u00a0dans le cadre des Journ\u00e9es du Matrimoine 2026<\/li>\n<\/ul>\n\n\n\n<p><strong>Pour candidater, merci d\u2019adresser vos propositions et projets en compl\u00e9tant le\u00a0<\/strong><a href=\"https:\/\/forms.gle\/c1Y8KZBUpd9RYjQr9\" target=\"_blank\" rel=\"noreferrer noopener\"><strong>formulaire en ligne<\/strong>\u00a0<\/a><strong>avant le<mark style=\"background-color:rgba(0, 0, 0, 0)\" class=\"has-inline-color has-vivid-red-color\"> 10 avril 2026 !<\/mark><\/strong><\/p>\n\n\n\n<p><\/p>\n","protected":false},"excerpt":{"rendered":"<p>Dixi\u00e8me \u00e9dition en Normandie du 16 au 20 septembre 2026 ! Depuis 2015, le Mouvement HF+ porte et coordonne les&nbsp;Journ\u00e9es du Matrimoine, en partenariat avec les collectivit\u00e9s territoriales, les institutions culturelles, les \u00e9quipes artistiques et les acteur\u00b7rices de la soci\u00e9t\u00e9 civile.Elles sont organis\u00e9es chaque ann\u00e9e, en parall\u00e8le et en r\u00e9sonnance avec les Journ\u00e9es Europ\u00e9ennes du [&hellip;]<\/p>\n","protected":false},"author":2,"featured_media":0,"parent":0,"menu_order":0,"comment_status":"closed","ping_status":"closed","template":"","meta":{"footnotes":""},"class_list":["post-6381","page","type-page","status-publish","hentry"],"_links":{"self":[{"href":"https:\/\/hf-normandie.fr\/index.php\/wp-json\/wp\/v2\/pages\/6381","targetHints":{"allow":["GET"]}}],"collection":[{"href":"https:\/\/hf-normandie.fr\/index.php\/wp-json\/wp\/v2\/pages"}],"about":[{"href":"https:\/\/hf-normandie.fr\/index.php\/wp-json\/wp\/v2\/types\/page"}],"author":[{"embeddable":true,"href":"https:\/\/hf-normandie.fr\/index.php\/wp-json\/wp\/v2\/users\/2"}],"replies":[{"embeddable":true,"href":"https:\/\/hf-normandie.fr\/index.php\/wp-json\/wp\/v2\/comments?post=6381"}],"version-history":[{"count":4,"href":"https:\/\/hf-normandie.fr\/index.php\/wp-json\/wp\/v2\/pages\/6381\/revisions"}],"predecessor-version":[{"id":6674,"href":"https:\/\/hf-normandie.fr\/index.php\/wp-json\/wp\/v2\/pages\/6381\/revisions\/6674"}],"wp:attachment":[{"href":"https:\/\/hf-normandie.fr\/index.php\/wp-json\/wp\/v2\/media?parent=6381"}],"curies":[{"name":"wp","href":"https:\/\/api.w.org\/{rel}","templated":true}]}}